 = o. What is the greatest common divisor of 63 and u?
21
Let z(l) = l**3 - 12*l**2 + 12*l - 13. Let d be z(11). Let p be 537/9 + d/(-6). Let o = -12 + 52. Calculate the greatest common factor of o and p.
20
Suppose 88 = 2*x + 2*x. Suppose -5*a + 4*f + 16 = 0, -x = -4*a - a - 2*f. Let u be (0/1)/1 + 4. What is the highest common divisor of u and a?
4
Let p be (-7)/(-4) + 2/8. Let w = 8 + p. Let v = 39 + 41. Calculate the highest common divisor of w and v.
10
Suppose -20 = -j + q, 4*j - 22 = 3*j - q. Let b = j - 13. Let n = 130 - 42. Calculate the highest common factor of n and b.
8
Suppose -k = -16 + 13. Suppose 79 - 10 = k*c. What is the highest common factor of c and 115?
23
Let x = 45 - -30. What is the greatest common divisor of x and 30?
15
Suppose -v = -4*v + 240. What is the greatest common factor of 10 and v?
10
Suppose 3 = j - 2. Suppose -4*m - 16 = -j*m + o, m = 3*o + 16. Calculate the greatest common factor of m and 40.
8
Let p = 100 - 67. Let r = -42 - -53. What is the greatest common factor of p and r?
11
Let c be 28/6*(-27)/(-2). Calculate the highest common divisor of 21 and c.
21
Let o = 0 - 0. Suppose o*x - 1617 = -7*x. Calculate the highest common factor of x and 21.
21
Let j be (8/(-6))/((-7)/(-42)). Let i(o) = -2*o + 2. Let c be i(j). Calculate the highest common factor of c and 12.
6
Suppose 7 = 2*h - 3, 5*a + 5*h - 45 = 0. What is the greatest common factor of 28 and a?
4
Let f = -67 - -139. Calculate the highest common divisor of f and 18.
18
Let j = 99 + -29. Let g = 21 + -7. What is the greatest common factor of g and j?
14
Let f = -18 + 12. Let w be 27 + f/3 + 1. What is the greatest common divisor of 182 and w?
26
Suppose 0 = -0*x + 2*x - 224. Suppose x = 3*w + g, 4*w - 2*w - 56 = 4*g. What is the highest common divisor of w and 4?
4
Suppose 10 = 4*n - 6, -3*n = -l - 9. Suppose -l*r + x = -143, 22 + 23 = r - 3*x. Suppose -2*v + r = v. Calculate the greatest common divisor of 2 and v.
2
Let f be 4/2 - 1 - -1. Let m = 4 - -1. Suppose -t - 2*v - f*v = -56, t - 52 = -m*v. What is the greatest common factor of 8 and t?
8
Let u(h) = 22*h**2 + h - 2. Let r be u(-2). Let w be (-20)/(-30)*(1 - -41). What is the greatest common divisor of w and r?
28
Suppose 2*w = 24 + 12. Suppose -64 = -5*j - c, -j + c + 0*c + 8 = 0. Calculate the greatest common divisor of w and j.
6
Suppose z - 38 = -2*g - 3*z, -34 = -g + 3*z. What is the greatest common factor of g and 275?
25
Suppose 4*n - 5*t = 93, n = 5*t - t + 37. What is the greatest common divisor of n and 153?
17
Let j be 14/((0 - 3)/(-15)). What is the greatest common divisor of 14 and j?
14
Let o(m) = m**3 - 8*m**2 + 8*m + 4. Let z be o(7). Let g = 243 + -210. What is the highest common divisor of z and g?
11
Let s be (-105)/(-3) + -1 + -1. Let l(z) = -z**2 - 11*z + 15. Let g be l(-12). What is the greatest common divisor of s and g?
3
Let a(m) = -2*m + 3 + 3*m - 2*m. Let b be a(3). Suppose b = 5*w - 172 + 22. What is the highest common divisor of 6 and w?
6
Suppose 13 = 4*q - 59. Calculate the highest common factor of q and 2.
2
Suppose -2*l = 5*y - 2, 0 = y - 4*y - 3*l - 6. Suppose y*u - 64 = 2*p, -5*p + 93 = 5*u - 97. Let m = u - 25. What is the greatest common factor of 80 and m?
10
Let c = 28 - 15. Calculate the highest common divisor of c and 52.
13
Let v be (-303)/(-1) + 9 + -4. Calculate the greatest common factor of v and 28.
28
Let f(s) = -s + 1. Let m(w) = 4. Let i(z) = -2*f(z) + m(z). Let y be i(7). Calculate the greatest common divisor of y and 16.
16
Let b = 6 - 10. Let h be -12*1/b*9. Let m = 5 + 4. What is the highest common divisor of h and m?
9
Let j(h) = -4*h - 64. Let n be j(-19). What is the highest common divisor of n and 6?
6
Suppose -5*y - 5*x - 35 = 0, -3*y - 2*x + 7 = -8*y. Let p = y - -27. What is the greatest common factor of p and 12?
12
Suppose -3*o = 2*o - 45. Calculate the highest common divisor of 81 and o.
9
Let y be (-6)/4*(1 + -9). Suppose -3*l + 11 = -13. Suppose x - 3*x = -l. Calculate the greatest common factor of x and y.
4
Suppose 8 = -v + 17. Let x be 2/7 - 212/7. Let w = 66 + x. Calculate the highest common factor of w and v.
9
Let v(h) = h**2 - 6*h - 11. Suppose 5*b - 3*x - 38 = b, 14 = 2*b + x. Let d be v(b). What is the greatest common divisor of d and 5?
5
Suppose 3*x = 5*d + 45, x - 2*x = -4*d - 36. Let w be ((-15)/d)/((-1)/24). Let u = -18 - w. What is the highest common divisor of 2 and u?
2
Suppose 0 = -4*r - 3*g, 5*r + 3*g + 9 = 4*r. Let h = -26 + 53. Let a = -18 + h. What is the highest common factor of r and a?
3
Let d(x) = x**2 + 2*x - 7. Let c be d(8). Let a = c - 41. What is the greatest common divisor of 4 and a?
4
Let s be (-5)/(-15) + 69/9. What is the highest common factor of s and 120?
8
Let p = 254 - 74. Calculate the greatest common factor of 18 and p.
18
Let k be -6*(5/(-30) + -3). What is the greatest common factor of k and 38?
19
Suppose -375 = q - 4*q. What is the greatest common factor of q and 25?
25
Let w(g) = g**3 + 5*g**2 + g + 15. Let p be w(-5). What is the greatest common divisor of 20 and p?
10
Let p be (-2)/9 + 274/18. Let d be -6 + 16 - 1*-5. What is the highest common factor of p and d?
15
Let j(h) = 119*h**2 + 2*h - 1. Let m be j(1). Suppose -l - 5 = 0, 0 = 2*d - 0*l + 4*l - m. Calculate the highest common factor of d and 10.
10
Suppose -4*h + 20 = -12. What is the highest common factor of 64 and h?
8
Let k be (-13)/6 - 4/(-24). Let d be ((-150)/(-9))/(k/(-3)). What is the greatest common factor of d and 5?
5
Let y = 25 - 0. Calculate the highest common factor of 5 and y.
5
Let v(l) = 6*l**2 + l + 2. Let h be v(-2). Calculate the highest common factor of h and 72.
24
Let f = -14 + 16. Calculate the highest common divisor of f and 1.
1
Let f = 84 + -50. What is the highest common divisor of f and 34?
34
Let x be (-12)/18*(-3 - 0). Suppose -x*i + 3*i = -3*z - 1, 5*z + 9 = 2*i. Let q be ((-17)/4)/(z/4). What is the highest common divisor of q and 17?
17
Let s(m) = -m**2 + 10*m + 32. Let o be s(12). Suppose -4*v + 7*y = 4*y - 271, 4*v - 261 = y. What is the greatest common divisor of v and o?
8
Let m(x) = -8*x + 1. Let j be m(-1). Let i = 5 + j. Let b be ((-56)/(-6) + 0)*6. What is the highest common divisor of b and i?
14
Suppose 153 = r + 4*u, 2*r + 37 - 323 = 2*u. What is the highest common divisor of r and 58?
29
Suppose 0 = 5*h + 16 + 24. Let x = -4 - h. Suppose 5*l + 175 = x*p, -4*l + 324 = 4*p + 104. What is the greatest common divisor of p and 10?
10
Suppose 175 = -47*k + 52*k. Calculate the greatest common divisor of k and 175.
35
Suppose -2*c - 4 = -3*c. Suppose 26 = c*h - 2. What is the greatest common factor of 21 and h?
7
Let m be 4/(-12)*6/2. Let t = 0 + -1. Let x be m + (-13)/t - -2. What is the greatest common divisor of 56 and x?
14
Suppose -b - p + 12 = 0, b = 3*p - p + 12. Suppose b = -3*h + 45. Calculate the greatest common divisor of h and 44.
11
Let n be 59 + (2 - 5) + 7. Let r = -13 + -5. Let x = r + 25. Calculate the greatest common divisor of x and n.
7
Let o = -19 + 40. Let u be (2 + o/(-6))*-12. Let n(v) = 3*v**2 - 5*v - 4. Let k be n(-2). What is the highest common factor of u and k?
18
Suppose 5*y - f - 725 = -2*f, 0 = -y - f + 149. What is the highest common factor of 18 and y?
18
Suppose -o - 32 = -5*o. Suppose o*n - 3*n = 25. What is the highest common factor of 15 and n?
5
Let x(b) = b + 7. Suppose -3*q + 4*q + 5 = 0. Let g be x(q). Let n be 3/((-6)/(-50)) + g. Calculate the greatest common divisor of 9 and n.
9
Let l(v) = -2*v**3 + 3*v**2 + 4*v + 5. Let i be l(-4). What is the greatest common divisor of 15 and i?
15
Let y(q) = q**3 - 6*q**2 + 3*q - 3. Let p be y(6). Let s = -8 - -13. What is the greatest common divisor of s and p?
5
Let b = 29 - 19. Calculate the greatest common factor of b and 4.
2
Let j(f) = 3*f + f - 2*f. Let m be j(2). Suppose 17 = -12*h + 65. Calculate the greatest common factor of m and h.
4
Suppose 0 = -4*y - 145 + 453. Let b(j) = -j**3 + 4*j**2 + 6*j + 6. Let a be b(5). What is the greatest common divisor of y and a?
11
Suppose 2*m = 2*q, 0 = -5*m - 5*q - 17 + 47. Let o(g) = 3*g - 2. Let f be o(m). Suppose -f*c + 52 = -3*c. What is the highest common factor of 52 and c?
13
Suppose 0 = -3*d + 3*x + 27, d - x - 4*x = 5. Let u = 10 - 7. Suppose 